7718?
7
What is the millions digit of 437729293?
7
What is the units digit of 280583907?
7
What is the thousands digit of 2332916888?
6
What is the units digit of 52487776?
6
What is the millions digit of 289705051?
9
What is the ten thousands digit of 18037003?
3
What is the hundred thousands digit of 1299502319?
5
What is the thousands digit of 116819511?
9
What is the ten millions digit of 40647031?
4
What is the thousands digit of 156812235?
2
What is the ten thousands digit of 2017757916?
5
What is the hundreds digit of 9228716?
7
What is the hundred thousands digit of 177227087?
2
What is the millions digit of 97593811?
7
What is the units digit of 62373989?
9
What is the thousands digit of 1661286643?
6
What is the ten millions digit of 51531813?
5
What is the hundred thousands digit of 9271570?
2
What is the ten thousands digit of 61676756?
7
What is the billions digit of 8685464946?
8
What is the ten thousands digit of 192304274?
0
What is the hundred millions digit of 4480777765?
4
What is the ten thousands digit of 617336417?
3
What is the hundred thousands digit of 446140080?
1
What is the hundred millions digit of 150800916?
1
What is the ten millions digit of 11865688?
1
What is the hundred thousands digit of 971395588?
3
What is the hundreds digit of 212676922?
9
What is the hundred millions digit of 2428608883?
4
What is the hundred thousands digit of 2499434541?
4
What is the tens digit of 1193122420?
2
What is the hundreds digit of 88857274?
2
What is the hundreds digit of 945409083?
0
What is the ten thousands digit of 447786906?
8
What is the tens digit of 141203663?
6
What is the hundred millions digit of 3224790331?
2
What is the thousands digit of 501419255?
9
What is the ten millions digit of 984864163?
8
What is the hundreds digit of 2025008643?
6
What is the ten millions digit of 3867116349?
6
What is the ten thousands digit of 132817591?
1
What is the hundreds digit of 527933300?
3
What is the hundred thousands digit of 52522048?
5
What is the ten thousands digit of 292546320?
4
What is the thousands digit of 1104290068?
0
What is the thousands digit of 48362198?
2
What is the hundreds digit of 551528775?
7
What is the hundreds digit of 7956270?
2
What is the tens digit of 3072617955?
5
What is the hundred millions digit of 124234241?
1
What is the millions digit of 44038372?
4
What is the millions digit of 4463940547?
3
What is the hundreds digit of 110369026?
0
What is the hundreds digit of 1651124683?
6
What is the hundreds digit of 1294877411?
4
What is the units digit of 3433425866?
6
What is the ten millions digit of 2668952691?
6
What is the ten thousands digit of 21119265?
1
What is the millions digit of 485107182?
5
What is the thousands digit of 102565627?
5
What is the hundred thousands digit of 197847481?
8
What is the hundreds digit of 3160426448?
4
What is the millions digit of 896944947?
6
What is the hundred millions digit of 100747663?
1
What is the hundreds digit of 583588943?
9
What is the ten millions digit of 15867846?
1
What is the ten thousands digit of 2069168840?
6
What is the hundred thousands digit of 285280313?
2
What is the thousands digit of 1709156526?
6
What is the thousands digit of 918524222?
4
What is the billions digit of 5771868836?
5
What is the ten millions digit of 1147474632?
4
What is the hundred millions digit of 956655593?
9
What is the thousands digit of 1057860126?
0
What is the units digit of 4109759208?
8
What is the hundred thousands digit of 269348834?
3
What is the hundred thousands digit of 2538925193?
9
What is the millions digit of 3891114653?
1
What is the thousands digit of 101875838?
5
What is the thousands digit of 837052377?
2
What is the ten thousands digit of 5280175?
8
What is the millions digit of 158791269?
8
What is the hundred thousands digit of 9586200?
5
What is the hundred millions digit of 7009684593?
0
What is the hundred thousands digit of 20846818?
8
What is the hundreds digit of 47122813?
8
What is the hundred thousands digit of 34051858?
0
What is the hundred thousands digit of 222256831?
2
What is the units digit of 273512257?
7
What is the hundred thousands digit of 62096759?
0
What is the millions digit of 77739072?
7
What is the hundreds digit of 271907769?
7
What is the hundred thousands digit of 83111219?
1
What is the hundreds digit of 4539112452?
4
What is the hundreds digit of 44196718?
7
What is the millions digit of 140941405?
0
What is the hundred thousands digit of 190125981?
1
What is the ten thousands digit of 37468602?
6
What is the thousands digit of 4263564694?
4
What is the ten thousands digit of 253204303?
0
What is the thousands digit of 3019139458?
9
What is the tens digit of 136838333?
3
What is the ten thousands digit of 46586947?
8
What is the millions digit of 84878163?
4
What is the units digit of 214654247?
7
What is the millions digit of 1815602044?
5
What is the thousands digit of 741660419?
0
What is the hundred millions digit of 437091678?
4
What is the hundred thousands digit of 60658942?
6
What is the units digit of 44884298?
8
What is the hundreds digit of 67740710?
7
What is the hundred millions digit of 316940033?
3
What is the thousands digit of 200391375?
1
What is the millions digit of 176189403?
6
What is the hundred millions digit of 121745969?
1
What is the units digit of 59103790?
0
What is the millions digit of 32720470?
2
What is the tens digit of 8918448344?
4
What is the thousands digit of 290202714?
2
What is the hundred thousands digit of 1409964010?
9
What is the tens digit of 291337941?
4
What is the units digit of 329212816?
6
What is the thousands digit of 3776710255?
0
What is the ten thousands digit of 45449995?
4
What is the hundred thousands digit of 965157366?
1
What is the thousands digit of 1234370006?
0
What is the tens digit of 17299762?
6
What is the hundreds digit of 960222508?
5
What is the hundred thousands digit of 5848545908?
5
What is the ten millions digit of 3835282289?
3
What is the thousands digit of 290371889?
1
What is the units digit of 3430559662?
2
What is the ten thousands digit of 39693146?
9
What is the thousands digit of 200620070?
0
What is the ten millions digit of 771476629?
7
What is the ten thousands digit of 320910950?
1
What is the millions digit of 23616756?
3
What is the hundreds digit of 99875709?
7
What is the hundreds digit of 504760590?
5
What is the ten millions digit of 430420399?
3
What is the tens digit of 52876645?
4
What is the hundreds digit of 88745967?
9
What is the hundred millions digit of 180192102?
1
What is the units digit of 1088164314?
4
What is the hundreds digit of 20185119?
1
What is the millions digit of 1061318473?
1
What is the ten thousands digit of 714038147?
3
What is the ten millions digit of 788123535?
8
What is the thousands digit of 1060224?
0
What is the hundreds digit of 1061146?
1
What is the hundred thousands digit of 706355191?
3
What is the units digit of 6506701410?
0
What is the hundred millions digit of 679553844?
6
What is the units digit of 333558527?
7
What is the thousands digit of 232453983?
3
What is the hundreds digit of 25234098?
0
What is the thousands digit of 33614524?
4
What is the hundred thousands digit of 532709213?
7
What is the hundreds digit of 97194607?
6
What is the millions digit of 27883984?
7
What is the thousands digit of 242064393?
4
What is the millions digit of 4796098?
4
What is the thousands digit of 28444887?
4
What is the hundreds digit of 13852894?
8
What is the ten millions digit of 47044592?
4
What is the hundreds digit of 1369914596?
5
What is the tens digit of 4738392646?
4
What is the hundred thousands digit of 501136891?
1
What is the millions digit of 44106680?
4
What is the ten millions digit of 74945257?
7
What is the hundreds digit of 65547119?
1
What is the thousands digit of 424292396?
2
What is the thousands digit of 1524917855?
7
What is the units digit of 3990554001?
1
What is the ten millions digit of 66188062?
6
What is the thousands digit of 20032855?
2
What is the hundreds digit of 2695455?
4
What is the units digit of 3221207383?
3
What is the billions digit of 3023154430?
3
What is the thousands digit of 496845591?
5
What is the hundred millions digit of 